q(10).
4
Let y(z) = -z**3 + 23*z**2 - 22*z + 50. Calculate y(22).
50
Let g(p) = -5*p + 17. Give g(5).
-8
Let l(n) = -2*n**2 - 15*n - 8. Give l(-7).
-1
Let i(t) = 3*t - 56. What is i(16)?
-8
Let r(y) = 9*y - 38. Determine r(4).
-2
Let k(o) = o**2 - 12*o - 121. Calculate k(-7).
12
Let i(d) = -9*d - 90. Determine i(-7).
-27
Let m(t) = -t**2 - 19*t - 11. Calculate m(-17).
23
Let j(q) = 5*q + 24. Give j(-4).
4
Let d(b) = b**2 - 7*b - 10. Determine d(6).
-16
Let x(o) = -o**3 - 2*o**2 + o - 5. What is x(-4)?
23
Let j(b) = b**3 - 6*b**2 + 3*b - 11. Give j(5).
-21
Let c(n) = n**3 - 14*n**2 + 14*n - 29. What is c(13)?
-16
Let n(z) = -z + 25. Determine n(25).
0
Let p(a) = a**3 - 11*a**2 + 9*a - 2. What is p(10)?
-12
Let q(a) = a**2 - 10*a + 7. What is q(10)?
7
Let g(n) = -n. Give g(-7).
7
Let p(h) = 26*h - 235. Calculate p(10).
25
Let n(t) = -12*t**3 + t**2 - 3*t - 2. Give n(-1).
14
Let y(a) = -2*a**3 + 5*a**2 - a - 2. Calculate y(3).
-14
Let b(c) = 6*c**3 + c**2 + 2*c + 2. Give b(-1).
-5
Let m(c) = -c**3 - 18*c**2 - c - 15. Give m(-18).
3
Let r(c) = 8*c**3 + 3*c**2 + c - 8. Determine r(-2).
-62
Let t(h) = 5*h - 66. Calculate t(25).
59
Let h(y) = y**3 - 3*y**2 - 11*y + 6. Give h(5).
1
Let x(m) = m**3 - 20*m**2 - 20*m - 19. Determine x(21).
2
Let f(g) = g**3 + 16*g**2 - 15*g + 31. Calculate f(-17).
-3
Let p(t) = 6*t**2 - 2*t + 49. Calculate p(0).
49
Let p(j) = -18*j - 579. Give p(-32).
-3
Let a(c) = -c**3 - 6*c**2 - 2*c + 5. Calculate a(-5).
-10
Let m(c) = 16*c - 41. Calculate m(2).
-9
Let r(d) = d**2 - 13*d + 8. Determine r(13).
8
Let i(d) = d**3 - 8*d**2 + 8*d - 8. Give i(6).
-32
Let y(i) = -3*i - 13. Calculate y(-6).
5
Let m(d) = -2*d**3 + 24*d**2 + 6*d - 57. Give m(12).
15
Let u(f) = -38*f - 40. Determine u(-1).
-2
Let a(l) = -2*l**3 - l**2 + 7*l + 7. Give a(-1).
1
Let j(u) = u**3 + 9*u**2 + 11*u - 34. Give j(-6).
8
Let z(b) = 5*b**2 + 16*b - 2. Calculate z(-4).
14
Let q(v) = v**2 - 7*v - 11. Give q(8).
-3
Let i(t) = -t**2 + 2*t + 5. Determine i(-6).
-43
Let p(q) = 8*q**2 - q. What is p(-2)?
34
Let l(w) = w**2 + 18*w - 17. Calculate l(-18).
-17
Let t(w) = -25*w**2 - 3. Calculate t(-2).
-103
Let x(i) = 9*i - 26. Calculate x(2).
-8
Let l(b) = -16*b. What is l(-3)?
48
Let d(h) = 37*h - 3. What is d(2)?
71
Let n(v) = 20*v + 53. What is n(-8)?
-107
Let b(z) = 7*z**3 - z**2 + 2*z - 1. Determine b(1).
7
Let a(o) = -o**2 + 3*o + 82. What is a(-9)?
-26
Let u(m) = -4*m**3 - 3*m**2 + 7*m - 2. What is u(2)?
-32
Let q(m) = -m**3 - 7*m**2 - 7*m + 25. What is q(-4)?
5
Let q(j) = j**3 - 23*j**2 - 23*j + 18. Give q(24).
42
Let p(f) = -14*f - 6. Calculate p(0).
-6
Let h(o) = -o**3 + 8*o**2 - 16*o + 6. What is h(5)?
1
Let m(c) = c**2 - 10*c + 11. Give m(6).
-13
Let i(o) = -o**2 - 20*o + 9. Determine i(-19).
28
Let i(a) = a + 3. Calculate i(4).
7
Let r(o) = -o**3 + o + 2. What is r(2)?
-4
Let w(v) = -v**3 + 8*v**2 + 8*v + 6. Determine w(9).
-3
Let n(h) = h**2 - 56*h + 5. Determine n(0).
5
Let v(q) = q**3 + 20*q**2 - 23*q - 36. Determine v(-21).
6
Let u(w) = -w**2 + 4*w + 35. Calculate u(8).
3
Let x(s) = 2*s**2 - 4*s - 4. Give x(4).
12
Let t(j) = -28*j - 875. Give t(-31).
-7
Let k(y) = -y**2 + 15*y + 19. Determine k(19).
-57
Let u(f) = -5*f. Calculate u(1).
-5
Let u(o) = 4*o + 1. Give u(-5).
-19
Let i(z) = z**3 + z**2 + 4*z + 5. Determine i(-2).
-7
Let j(b) = 3*b - 6. Give j(0).
-6
Let n(r) = -2*r**3 + 12*r**2 - 4. Give n(6).
-4
Let h(y) = 2*y**3 + y**2 - 6*y + 5. Calculate h(1).
2
Let c(r) = -7*r + 239. Determine c(32).
15
Let g(m) = 3*m**3 + 7*m**2 + 3*m - 1. Calculate g(-3).
-28
Let a(l) = -l**3 + 7*l**2 - 7*l - 9. What is a(5)?
6
Let g(q) = q**3 - 7*q**2 + 3*q - 1. Determine g(3).
-28
Let x(y) = y**2 - 5*y + 6. Calculate x(6).
12
Let i(c) = c**2 - 4*c - 24. Give i(6).
-12
Let p(a) = -33*a - 30. Determine p(0).
-30
Let o(v) = 13*v + 1. What is o(-1)?
-12
Let i(t) = 8*t**3 - 2*t**2 + t + 1. Calculate i(1).
8
Let f(k) = k**3 - 2*k**2 - 4*k - 19. Give f(4).
-3
Let f(v) = 13*v + 86. Give f(-8).
-18
Let i(q) = -4*q - 2. Give i(-6).
22
Let z(a) = 70*a**3 - a**2 - 2*a + 2. Give z(1).
69
Let o(s) = s**2 - 10*s + 20. Calculate o(8).
4
Let o(u) = -2*u**3 - 16*u**2 + 19*u + 3. Calculate o(-9).
-6
Let j(h) = -19*h**3 - h + 2. Give j(1).
-18
Let r(u) = -2*u + 16. Calculate r(11).
-6
Let z(x) = -x**3 + 11*x**2 + 9*x + 41. Give z(12).
5
Let z(j) = -j - 29. Give z(-17).
-12
Let j(h) = -3*h**2 + 5*h + 2. What is j(4)?
-26
Let q(c) = 3*c + 6. Determine q(2).
12
Let r(l) = -l**2 + 9*l + 7. Determine r(8).
15
Let r(k) = k + 12. Give r(-7).
5
Let a(j) = -2*j**3 + 5*j**2 - 6*j - 8. Determine a(4).
-80
Let d(v) = 3*v + 1. What is d(-9)?
-26
Let n(k) = -39*k + 86. Give n(4).
-70
Let c(p) = -p**2 + 35*p - 258. Determine c(11).
6
Let y(l) = 31*l. Determine y(1).
31
Let d(a) = a**2 - 4*a + 51. Determine d(0).
51
Let k(t) = 14*t + 99. Give k(-7).
1
Let n(h) = h**3 - 6*h**2 - 11*h + 7. What is n(7)?
-21
Let v(i) = i**3 - 4*i**2 - 8*i + 12. What is v(6)?
36
Let g(y) = y**2 - 9*y - 48. Give g(13).
4
Let i(p) = p**2 + 8*p - 1. What is i(-4)?
-17
Let n(z) = z + 36. Give n(-15).
21
Let x(l) = 7*l**2 + 376*l - 104. Give x(-54).
4
Let y(u) = -u**3 - 4*u**2 + 18*u + 10. Calculate y(-7).
31
Let k(y) = 6*y**2 - 43*y - 32. Determine k(8).
8
Let z(o) = -2*o**3 - 2*o**2 + o - 2. Calculate z(-2).
4
Let s(q) = 21*q**3 + q + 1. Calculate s(-1).
-21
Let c(l) = -l**2 - 22*l - 107. Give c(-10).
13
Let k(r) = 10*r - 3. What is k(0)?
-3
Let m(v) = -4*v**3 + 2*v**2 + 2*v - 1. Give m(-2).
35
Let g(s) = s**2 + 6*s - 15. Calculate g(-9).
12
Let t(l) = l**3 + 41*l**2 + 49*l + 362. What is t(-40)?
2
Let n(z) = -z**2 + 7*z - 30. Give n(11).
-74
Let m(p) = -p**3 - 2*p**2 + 2*p - 3. Determine m(-3).
0
Let x(d) = -8*d**2 + 17*d + 7. Calculate x(3).
-14
Let p(l) = -8*l**3 - l**2 - 2*l - 1. What is p(-1)?
8
Let m(k) = -k**3 - 47*k**2 - 277*k + 124. What is m(-40)?
4
Let w(l) = -2*l + 11. Determine w(4).
3
Let z(y) = -5*y**2 - 42*y + 4. Give z(-8).
20
Let b(p) = -p**2 + 32*p + 67. Calculate b(34).
-1
Let b(n) = -n**2 - 7*n + 6. Determine b(-12).
-54
Let s(z) = 18*z**2 + 8*z - 2. Determine s(1).
24
Let x(c) = 11*c**3 - c**2 + 3*c - 2. Give x(2).
88
Let g(v) = 26*v - 58. Determine g(2).
-6
Let v(b) = -6*b + 41. What is v(8)?
-7
Let h(l) = 15*l + 12. Give h(-5).
-63
Let f(x) = -3*x - 73. Determine f(-26).
5
Let l(u) = 4*u - 109. Give l(26).
-5
Let c(g) = -g**3 + 9*g**2 + 9*g + 17. Determine c(8).
153
Let i(u) = -25*u - 36. Calculate i(-3).
39
Let h(f) = -93*f - 66. What is h(-1)?
27
Let m(k) = 9*k - 10. Calculate m(0).
-10
Let u(v) = -v**2 - 23*v - 37. What is u(-10)?
93
Let m(c) = -c**3 - 7*c**2 - 7*c + 3. Determine m(-6).
9
Let u(z) = z**3 + 7*z**2 + 19*z + 35. Determine u(-5).
-10
Let c(j) = -j**2 + 13*j + 5. Give c(20).
-135
Let r(o) = -o**3 - 10*o**2 - 17*o - 8. What is r(-7)?
-36
Let t(o) = -o**2 + 20*o - 8. What is t(19)?
11
Let n(u) = 2*u + 1. Give n(-9).
-17
Let o(a) = 46*a - 225. Calculate o(5).
5
Let p(t) = -4*t - 5. What is p(7)?
-33
Let m(s) = s**2 + 27*s - 130. Determine m(4).
-6
Let a(l) = -5*l + 21. Give a(5).
-4
Let s(j) = j**2 - 11*j + 45. Determine s(10).
35
Let g(u) = u**3 - 9*u**2 + 14*u + 1. Calculate g(7).
1
Let b(o) = -33*o + 228. Calculate b(7).
-3
Let w(k) = -5*k - 6. Determine w(11).
-61
Let l(s) = -20*s**3 + s**2. Calculate l(-1).
21
Let i(h) = -h**2 - 3*h + 4. Determine i(-6).
-14
Let l(n) = -36*n + 234. Calculate l(7).
-18
Let a(i) = -i**3 + 7*i**2 + 5*i - 19. Determine a(6).
47
Let u(d) = -d**2 - 2*d - 134. What is u(0)?
-134
Let h(g) = -g**2 - 4*g + 8. What is h(8)?
-88
Let w(t) = 17*t - 1. Give w(1).
16
Let h(g) = g**2 + 4*g - 10. Determine h(-7).
11
Let s(v) = -v - 8. Calculate s(-5).
-3
Let q(p) = -2*p + 14. Give q(18).
-22
Let x(k) = -13*k**2 + 2*k - 3. Give x(2).
-51
Let o(z) = 2*z**2 + 6*z - 10. Give o(-6).
26
Let l(z) = -z**3 + z**2 + 1. Determine l(0).
1
Let p(w) = 11*w**2 - 3*w + 1. Give p(1).
9
Let o(w) = -w**3 - 5*w**2 + 13*w + 47. What is o(-6)?
5
Let k(j) = 12*j + 564. Give k(-46).
12
Let j(n) = n**2 - 36*n - 32. Calculate j(37).
5
Let b(d) = d**2 + 20*d - 1. Determine b(-11).
-100
Let m(x) = -4*x - 6. Give m(-7).
22
Let x(r) = -4*r - 146. What is x(-35)?
-6
Let v(k) = 14*k + 3. Calculate v(3).
45
Let k(y) = -2*y**2 - 41*y + 12. Give k(-17).
131
Let v(r) = -34*r + 131. What is v(4)?
-